 -5*i(h) - 3*r(h). Determine p(q).
12
Let q(v) = -v**3 + v**2 - 4*v + 7. Let t be q(-4). Let o = 102 - t. Let y(k) = -6*k**2 + k + 1. Give y(o).
-6
Let h be (2/4*0)/2. Let l = h - -2. Let y(a) = -4*a**2 + 4*a - 3. Let i(g) = -g**2. Let t(z) = -2*i(z) + y(z). What is t(l)?
-3
Let s(a) = -13*a**2 + 1. Let t(o) = 2*o**2 + 9*o - 34. Let h be t(-7). What is s(h)?
-12
Let m(v) = -3*v + 6. Let a(p) = -4*p + 6. Let t be (4 - 10)*(-3)/9. Let q(n) = t*a(n) - 3*m(n). Calculate q(0).
-6
Let j(w) be the third derivative of w**5/10 - w**4/12 + w**3/6 - 2*w**2 - 17*w. Determine j(1).
5
Let f(x) be the second derivative of -1/3*x**4 - 7/120*x**5 + 0*x**2 + 0*x**3 - 5*x + 0 - 1/720*x**6. Let g(h) be the third derivative of f(h). What is g(-6)?
-1
Let h be 1 + 1 + 1 + -5. Let q(p) = p + 2. Let d be q(h). Let g(f) = -11*f**2 - f + 7 - 16*f**2 + 28*f**2. Calculate g(d).
7
Let v = -33 - -28. Let m(l) = 6*l**2 + 3*l - 5. Let c(g) = -7*g**2 - 4*g + 5. Let j(a) = v*c(a) - 6*m(a). Calculate j(-4).
-19
Let q(m) = -2821*m + 2812*m + 0*m**2 + 2*m**2. Give q(6).
18
Suppose -2*o = -0*o. Let g(s) = -s + 6. Let q be g(o). Suppose 0 = -q*z + 2*z. Let y(r) = r**3 + r**2 + r - 13. Determine y(z).
-13
Let u(x) be the second derivative of 0 + 2*x**2 - 7/6*x**3 - 1/12*x**4 + 14*x. Calculate u(-7).
4
Let f(u) = u**3 + 6*u**2 + 6*u + 6. Suppose 182 = -2*j - 4*s - 80, -16 = -4*s. Let v = j - -134. What is f(v)?
1
Let h(p) be the third derivative of 1/4*p**4 + 0 + 2/3*p**3 + 0*p - 8*p**2 + 1/60*p**5. What is h(-4)?
-4
Suppose 4*a - 7*a - 2*n = -10, 2*a + 10 = 2*n. Let c(l) = -3*l**3 + 4 + 6*l**3 + 4*l**2 - 5*l**2 - 2*l**3 + l. Calculate c(a).
4
Let c = -13 - -15. Let f(l) = -4*l**3 + 4*l**2 - 2*l + 1. Let j(z) = -3*z**3 + 3*z**2 - z + 2. Let i(x) = c*f(x) - 3*j(x). Calculate i(0).
-4
Let t be -7*(182/49 - (3 + 1)). Suppose 11 = 3*g - 7. Let i(s) = 0*s - 2*s - 10*s**t + g*s**2 + 1 + 3 + s**3. Calculate i(4).
-4
Let j(a) = 6*a - 10*a + 157 - 161. Let u(h) = h + 1. Let d(z) = -2*j(z) - 9*u(z). What is d(1)?
-2
Let v(x) = -3*x**2 - 2*x + 1. Let y(d) = -d**3 - 7*d**2 - 4*d - 14. Let w be y(-7). Suppose -s = -3*t + w, s - 17 = -s - 3*t. Give v(s).
-4
Let y(l) be the first derivative of -l**4/4 - l**3 + l**2/2 - l + 1. Let k be (36/(-48))/(-3 - 39/(-12)). Calculate y(k).
-4
Let j(q) = -2*q**3 + 10*q**2 - q + 2. Let r be j(5). Let v be (-1 + r)*(2 + (-1)/2). Let z(x) = -x - 4. Determine z(v).
2
Let p(a) = 9*a + 6*a - 18*a + 3*a + a + 10. What is p(-5)?
5
Suppose -6 = -4*x + 2*c, 7 = 5*x - 10*c + 8*c. Let a(u) = u**3 - 2*u**2. Let j be a(2). Let g(m) = j*m**3 - 2*m**3 + 0*m**3. What is g(x)?
-2
Let m(i) be the first derivative of -i**2/2 - i - 246. Let v = -13 + 11. What is m(v)?
1
Let f(r) = -2*r**3 - 11*r**2 - r + 16. Let k be f(-5). Let o be 6/(-15)*5/(-1). Let t(w) = 0*w - 6*w**3 - 5*w**o + 4 + 0*w - 5*w + 5*w**3. Calculate t(k).
8
Let t(f) be the first derivative of f**4/2 - f**3/3 + 44. What is t(2)?
12
Let z(t) = -t**2 + 6*t - 4. Let r = -42 - -46. Suppose 10*o - 5*o - 5*b - 10 = 0, -4*b = -o - r. What is z(o)?
4
Let z(g) = g**2 - 9*g + 2. Suppose 5 = k + u, 3*k - k + 3*u = 5. Calculate z(k).
12
Let q(z) = -z**2 - z - 11. Let h(m) = -m**2 - 4. Let x(k) = 3*h(k) - q(k). What is x(-2)?
-11
Let j(k) = k + 4. Suppose 0 = 4*c - 6*c. Suppose c = g - 10 - 2. Suppose -6*l - 24 = g. What is j(l)?
-2
Let n(g) = g**3 - 11*g**2 - g + 15. Let i be n(11). Suppose 8 = i*f - 4*k, 3 = 4*f - k - 17. Let w be -5*f/45*-3. Let u(v) = -3*v**2. Give u(w).
-12
Let c(j) be the third derivative of j**6/120 - j**5/20 + j**4/6 - j**3/2 + 405*j**2. Give c(2).
1
Let j = 333 - 325. Let w(s) = s**3 - 7*s**2 - 7*s - 8. Calculate w(j).
0
Let d(i) = -3 + 7 + 2*i + 1 - 1. Let o(s) = s - 15. Let b be o(10). Calculate d(b).
-6
Let w(v) = v + 2. Let x be 8 - (2 + 0/(-2)). Calculate w(x).
8
Let u be 9*(-8)/(-12) - (2 + 4). Let n(b) = -b**2 + 3*b + 4. Calculate n(u).
4
Let u(v) = 8*v - 1. Let z(j) = 2*j**2 - 15*j + 14. Let a be z(8). Let c be (-48)/a + 4/22. What is u(c)?
-17
Let m(n) be the third derivative of n**5/60 + 11*n**4/24 - n**3/3 - 92*n**2. What is m(-11)?
-2
Let h(a) = 2 - 4 - 17595*a + 17602*a + 11. Calculate h(-6).
-33
Let n(h) = 11*h - 33. Let c(q) = 7*q - 21. Let s(p) = 8*c(p) - 5*n(p). Let f = -5 - -7. Let i = -2 + f. Calculate s(i).
-3
Suppose -4*x + 1 = -4*t + 9, 0 = -2*t + 5*x - 2. Let l(i) = i - 7. Let f(k) = -1 - 5 + 4 + 1. Let u(z) = t*f(z) - l(z). Give u(-4).
7
Let c be 10/3*15*3/(-25). Let j(a) = 5*a + 1. Let l(d) = d + 1. Let w(r) = j(r) - 4*l(r). What is w(c)?
-9
Let b(x) = -x**2 - 1. Let i be b(1). Let h be 8 - (2 + 6/i). Let n(d) = -h + 22*d + 19*d - 40*d. Determine n(6).
-3
Let x = 2 + 1. Suppose -2*w - 16 - 6 = -x*c, -3*c - 18 = 3*w. Let t be (10/6)/(w/24). Let n(a) = -a**3 - 4*a**2 + 5*a - 6. Determine n(t).
-6
Suppose -2*i = -7*z + 2*z + 1, z = i - 1. Suppose -7 = -h - z. Let p(f) = -2*f - 2 - f + 14 + 2*f. Determine p(h).
6
Let z be (-2)/8 - 4/(-16). Suppose z = 2*m - 4, -3*i + 4*m - 5 = -0*m. Let y(h) = 17*h. What is y(i)?
17
Let h(a) = 11*a**2 - 30*a - 114. Let f(z) = -7*z**2 + 21*z + 76. Let t(v) = 8*f(v) + 5*h(v). Calculate t(20).
-2
Let f(z) = -9*z - 1. Let q(x) = 28*x + 3. Let d(o) = 7*f(o) + 2*q(o). Let a be (-1 - (-6)/7)*(-41 + 34). Calculate d(a).
-8
Let t(m) be the third derivative of -m**4/24 + 13*m**3/6 - 17*m**2 - 4. Calculate t(0).
13
Suppose a + 0*a + 7 = n, 3*n = 2*a + 17. Suppose -4*y = -n*y + 5. Let c(q) = -4*q**2 + 7*q + 6. Let v(x) = -x**2. Let d(b) = -c(b) + 5*v(b). Give d(y).
4
Let l(s) = -s**3 + 6*s**2 - 12*s + 3. Suppose -211*r + 208*r = -12. What is l(r)?
-13
Suppose -2*f - 3*u = -6*f + 26, -8 = -2*f - u. Let d(g) = g**3 - 5*g**2 + 2*g - 3. Determine d(f).
7
Let y(p) = -2*p - 3. Let a be y(-2). Let u(c) = 0*c**3 - 4*c - c**3 - 3*c**2 - 2*c**2 - a - 1. Let i = -6 - -2. What is u(i)?
-2
Suppose d = -3*d + r - 143, 4*r + 23 = -d. Let p = d + 28. Let w(y) = y**2 + 6*y - 2. Calculate w(p).
5
Let m(r) be the third derivative of -r**7/840 + r**6/120 + r**5/30 + r**4/24 + 4*r**3/3 + 30*r**2. Let g(f) be the first derivative of m(f). Determine g(4).
1
Let w(f) = 0*f**2 - 2*f**2 + f**3 + 3 - 2*f**3 + 6*f**2. Let h = 7 - 3. Give w(h).
3
Let f be (20/25)/(4/10). Suppose -f*y + 30 = -0*y. Suppose 5*r = 5 - y. Let i(p) = 2*p + 1. Calculate i(r).
-3
Let b(o) be the second derivative of o**6/720 + o**5/12 + 5*o**4/2 + 13*o. Let t(v) be the third derivative of b(v). Determine t(-7).
3
Let q(i) be the second derivative of i**4/12 - i**3/3 - 2*i**2 + 2*i. Suppose -4*p - v = 7, -3*v - 11 = -5*p - 41. What is q(p)?
11
Let m(g) = g**3 + 8*g**2 + 7*g - 1. Let h be m(-7). Let p = h + 7. Let q(l) = 3*l + 5*l - l**2 - 9 + 1. Give q(p).
4
Let x(c) be the third derivative of 0 - 7/6*c**3 + 0*c - 7*c**2 - 1/60*c**5 - 5/24*c**4. Give x(-6).
-13
Let v(j) = -j**2 + 3*j + 3. Suppose -4*b + 36 = 2*b. Determine v(b).
-15
Let l(k) be the second derivative of -k**5/20 + k**4/2 - k**3/2 + 4*k**2 - 4*k + 4. Let w(t) = t**2 + 9*t + 6. Let g be w(-9). Calculate l(g).
-10
Let m(g) = -g + 3. Let d be m(0). Suppose 5 = s - b, 2*s - 25 = -d*s + b. Let v(y) = -y + 1. Calculate v(s).
-4
Let f(c) = c**2 + 8*c + 15. Suppose 124 + 122 = -41*s. Calculate f(s).
3
Suppose -6 + 2 = -n + 5*l, 2*l + 89 = 5*n. Suppose -4 + n = 5*v. Let y(x) = x - x**2 - 3*x + v*x - x**2. What is y(-1)?
-3
Let f(i) = i**3 + i**2 - i - 3. Let p(y) = y**3 - 37*y**2 - 78*y - 2. Let c be p(39). Give f(c).
-5
Let h be (-7 + -11)*(-6)/(-135)*-5. Suppose 0 = d + 2 - 19. Let q(a) = h + a**2 - 12 + 10*a + d. Calculate q(-7).
-12
Suppose l = -3*u + 6 + 8, 4*u = -3*l + 22. Let s(x) = u*x + 0*x - x. Calculate s(-4).
-12
Suppose 0 = -5*v + h + 4*h + 35, 5*v - h = 19. Let g(c) = 8*c**3 + c + 4 - 3 - 13*c**v. Give g(-1).
5
Suppose 5*a = 8*a - 15. Suppose 3*k = -2*h + 27, -5*h - 15 = -a*k - 45. Let c(u) = -u + 4. Let p be c(h). Let j(o) = o**3 + 5*o**2 + o + 2. Calculate j(p).
-3
Let i(z) = z**3 + z**2 - 4*z - 1. Suppose 103*s = 110*s + 21. Determine i(s).
-7
Let c(f) = f**3 - f**2 + f + 4. Let v be c(0). Let z(j) = v*j**2 + j**3 - j - 7*j**3 + 7*j**3 - 1. Calculate z(-3).
11
Let r(o) be the first derivative of 7*o**3/3 + 3*o**2/2 + 2*o + 66. Calculate r(-1).
6
Let l = -13 + 15. Let i(q) = 4*q - 3 - 2*q - l. Suppose 4 + 16 = 5*f. Give i(f).
3
Let m be 1